 8*q**3/3 - q**2/2 + 7*q + 3. What is the units digit of a(-8)?
5
Let z(w) = w - 4. Let p be z(8). Suppose -2*b = -3*c - b + 13, c - p*b = 19. What is the units digit of c?
3
Suppose -3*l + 4*i + 91 = 0, l - 2*i = -0*i + 27. Let t = 28 - 25. Suppose 2*j - t*h - l = 0, -3*j + 3*h + 79 = 2*j. What is the tens digit of j?
1
Let k = -1615 - -2303. What is the units digit of 4/(-18) - k/(-18)?
8
Let x(t) = -t + 11. Let s be x(7). Suppose -s*n - 3*r + 11 = 0, 0 = -3*n - 0*n - 3*r + 6. What is the units digit of n?
5
Suppose -40 = 2*w - 2. Let x = w - -35. Suppose -x = -o - o. What is the units digit of o?
8
Suppose 28 = -5*i + 7*i. Suppose j - i = -2*b + 3*j, 0 = 4*b + 3*j - 21. What is the units digit of b?
6
Let r = 95 + -49. What is the tens digit of r?
4
Let p(n) = -2*n + 3. Let l = -6 - -2. What is the units digit of p(l)?
1
Let g = 71 + 151. What is the units digit of g?
2
Suppose -2*d = -2*z - 6, -z - d = -10 + 3. Let v = z + 0. Suppose 5*n + o = 12, 12 = v*n - 3*o - 3. What is the units digit of n?
3
Let u = 19 - 27. Suppose -5*p = -4*p - 16. What is the units digit of (14/u)/((-4)/p)?
7
Let z be -1*(3 + 16)*-1. Suppose -41 - z = 3*m. What is the units digit of (-465)/m + 1/(-4)?
3
Suppose 4*p = -3*k + 364, -3*p + 2*k + 252 = -k. What is the tens digit of p?
8
Suppose w + 0*w = 139. Suppose -5*z + w = -6. What is the units digit of z?
9
Let y = 9 + 10. Let u = 41 - y. What is the units digit of u?
2
Let i = 0 + 8. Suppose w - 53 = -i. What is the tens digit of w?
4
Suppose 5*v + 0 = -5, 69 = 5*m - 4*v. What is the tens digit of m?
1
Let z = 36 + -22. What is the units digit of z?
4
Suppose 0 = 3*w + 1 - 10. Suppose 0 = -u + w*u - 8. Suppose 0 = -s + 3*s - u. What is the units digit of s?
2
Let z(m) = -4*m. Suppose d + 11 = -3*u, -5*u - 2*d = 3*d + 35. What is the units digit of z(u)?
8
Suppose -211 = -l - 9. What is the hundreds digit of l?
2
Let t = 4 + -5. What is the tens digit of (3/t - -6) + 9?
1
Let z = -24 + -3. What is the units digit of 6/z - (-184)/18?
0
What is the tens digit of 47/((-1)/(-1)) - 1?
4
Let i(l) = 2*l**2 + 3*l - 2. Let y be i(2). What is the units digit of (93/y)/((-3)/(-12))?
1
Suppose 2*z = -2*z + 4*y + 172, 0 = -4*z - y + 177. Let f = z + -31. What is the tens digit of f?
1
Suppose -10*p = -9*p - 41. What is the units digit of p?
1
Let y = -21 + 21. Suppose 4*c + 2*d + d - 174 = 0, y = -c - 2*d + 46. What is the units digit of c?
2
Suppose -3 = 4*n + 25. Let x = n - -25. What is the units digit of x?
8
Let v = 11 - -28. What is the units digit of v/(-1)*2/(-3)?
6
Suppose 0 = 6*q - 1545 + 177. What is the tens digit of q?
2
Let i be 10/4*(-16)/(-10). Suppose -75 = -o - i*o. What is the units digit of o?
5
Let z = 7 + -7. Suppose -4*c = -z*c - 20. What is the units digit of c?
5
Let o = -2 + 2. Let r = 2 - 3. Let h = o - r. What is the units digit of h?
1
Suppose 2*c - 5*o = -13 + 72, 4*o = -3*c + 31. What is the units digit of c?
7
Suppose -2*o - 3*o = -135. Suppose 0 = -5*m + 87 - 12. Let u = o - m. What is the tens digit of u?
1
Suppose -84 = -3*k + 18. What is the units digit of k?
4
Suppose -3*q + 7 = -5. Suppose q*d + 5*u - 175 = 0, -d - 2*u = 2*d - 126. What is the tens digit of d?
4
Suppose -12 = 3*y - 24. What is the units digit of y?
4
What is the tens digit of (-1)/1*-87 - 6/2?
8
Let y be 0 + 2 + 0/1. Let l be 1 + (-2 - 0 - -2). Let h = y - l. What is the units digit of h?
1
Suppose -u + 18 = -0*u. Let y = u - 8. What is the tens digit of y?
1
Let r(i) = -i**2 - 7*i - 2. Let m = 15 + -9. Suppose -q = -m*q - 20. What is the units digit of r(q)?
0
What is the tens digit of (134/6)/(1*(-4)/(-12))?
6
Let q = -6 - -2. What is the units digit of 2/q - 186/(-12)?
5
What is the tens digit of 76/1 + -1 + 0?
7
Suppose -3*i = -4*i + 4*q + 42, 4*i - 2*q - 126 = 0. What is the tens digit of i?
3
What is the hundreds digit of 2/4*-2*(5 - 326)?
3
Suppose -4*q + 6 + 10 = 0, -3*b = -5*q + 11. Suppose -m + 5 = f, m - 4*f + b*f = -1. What is the units digit of m?
2
Suppose -5*t = f - 223, -5*t + f + 84 + 143 = 0. What is the units digit of t?
5
Let c(y) = y**3 + 2*y**2 + y + 1. Let s(m) = -2*m**3 - 4*m**2 - 2*m - 1. Let b(o) = 5*c(o) + 3*s(o). What is the tens digit of b(-4)?
3
Let p(k) = k**2 + k - 1. Let y be p(2). Suppose -4 = -y*b + 1. What is the units digit of b/(-4) - (-33)/4?
8
Let s = 746 + -504. Suppose -s = -5*i - 47. What is the units digit of i?
9
Let g(j) = -j**2 + 5*j. Let v be g(4). Let c(q) = -3*q**3 + 2 - 5*q**2 + 4*q**3 + 5*q + 0. What is the units digit of c(v)?
6
Let k(n) = 2*n. Let m be (2/(-3))/((-6)/18). Let j be k(m). What is the tens digit of 4/(j/13) - 0?
1
Let a = 12 + -8. Let h(n) be the first derivative of -n**3/3 + 5*n**2/2 + 4*n + 3. What is the units digit of h(a)?
8
Suppose 0 = l + l - 6. Suppose 2*q + 2*q + l*g = -69, 2*q = 5*g - 41. What is the units digit of (-1)/(-3) - 120/q?
7
Let c = 3 + 1. Suppose -c*o = -o - 24. What is the units digit of o?
8
Let j = 0 + 9. Let y = -5 - -20. Let h = y - j. What is the units digit of h?
6
Let z(d) = 10*d**2 - 11*d + 10. What is the tens digit of z(2)?
2
Let b(x) = 2*x**2 + 2*x. Let h be b(-2). Suppose 5*l = -g - 7, g - 2*l + 3 = -h. Let q = -5 - g. What is the units digit of q?
2
Let g be 0 - (-2 + (1 - 1)). Let d be (-3)/(-1) + (g - 1). Suppose -3*x = 2*o - 24 + d, -o - x + 10 = 0. What is the units digit of o?
0
Let y be ((-1)/2)/(4/(-24)). Let c(l) = 2*l**2 - 4*l - 1. Let i be c(y). Suppose 5*k + i*a = 35, 0 = -4*k + 5*k - 3*a - 3. What is the units digit of k?
6
Let n(w) = -w**3 - 2*w + 1. Let s be n(1). Let i be (-11)/(s*(-2)/(-4)). Let l = 5 + i. What is the units digit of l?
6
Suppose -m + 0*m - 9 = 4*n, 3*n + 5 = m. Let c = 3 + n. What is the units digit of (-1 + 3)*c/1?
2
Let j = 7 - 12. Let y be 3 - (-1 + 10*-1). Let v = j + y. What is the units digit of v?
9
Suppose 7*a = 3*a - 176. Let d = a + 77. What is the units digit of d?
3
Let p be (-18)/(-5) - (-8)/20. Let h = 2 - 0. What is the units digit of h/p + (-5)/(-2)?
3
What is the units digit of (-1)/(1608/(-321) + 5)?
7
Let k be (-2)/3 + (-33)/(-9). Suppose 4*y = -2*r - 12 + 68, -k*r = -2*y + 44. Suppose 0 = 4*u - 4 - y. What is the units digit of u?
5
Let n be ((-96)/(-56))/((-1)/7). Let m = n + 33. What is the tens digit of m?
2
Let c = -22 + 32. What is the units digit of c?
0
Suppose 3*d = -5*k + 91 + 13, -4*d - 3*k = -146. What is the tens digit of d?
3
Let v(w) = w**2 - 9*w - 13. Let p be v(10). Let c = 10 + p. What is the units digit of c?
7
Let h(b) = -2*b - 1. Let t be h(-5). Suppose 1 = z, t = 5*r + 3*z - 64. What is the tens digit of r?
1
Let w = 241 + -150. What is the tens digit of w?
9
Suppose 0*c - 162 = -c + 3*a, 0 = -4*c + a + 670. What is the tens digit of c?
6
Let j(n) be the third derivative of -n**5/60 - 11*n**4/24 + 2*n**3 + 9*n**2. What is the units digit of j(-11)?
2
Let c(p) = -2*p**2 + 13*p + 1. Let y(u) = 3*u**2 - 19*u - 2. Let w(d) = 7*c(d) + 5*y(d). Let n be w(5). Let l = 6 - n. What is the units digit of l?
4
Let a = -44 + 94. What is the units digit of a?
0
Let w(f) = -f**2 + 8*f - 2*f**2 - f**3 - 7*f**2 + 9 + 4*f**2. What is the units digit of w(-7)?
2
Let t be 10/4*(-4 + 6). What is the units digit of 10/8 - t/20?
1
Let w(o) = -o**3 + 2*o**2 - o - 2. Let r be w(3). Let q(l) = -l**2 + 2. Let k be q(2). What is the units digit of (-4 - -2) + r/k?
5
Let t = -23 + 40. What is the units digit of t?
7
Let a = -13 + 16. What is the units digit of a?
3
Suppose 4*p - 73 = 79. What is the units digit of p?
8
Let v(x) = x**3 - 7*x**2 - 9*x + 10. Let y be v(8). What is the units digit of y*1 + 7 + 0?
9
Let w be -5*1 - 1/(-1). What is the units digit of (18/4)/(w/(-8))?
9
Let q(t) = -t**3 - 5*t**2 - t + 3. What is the tens digit of q(-6)?
4
Let g = -44 - -75. What is the units digit of g?
1
What is the units digit of ((-2)/(-6))/((-6)/(-2574))?
3
Let v(u) = u**2 - u + 4. Suppose t - 3*t - 35 = -5*h, 4*h = -t + 15. What is the tens digit of v(h)?
2
Let b be (0 - -6)*8/12. Suppose -4*i = -2*a - 54, b = 3*i + a - 24. What is the units digit of 64/i + 12/66?
6
Let p(a) = -a**3 - 6*a**2 - 5*a + 3. Let r be p(-5). Suppose -5*x = -r*x - 2. What is the units digit of x?
1
Let g(y) = -y**3 + 5*y**2 - 4*y - 2. Let m be g(4). What is the units digit of 4 + (m + 1)*-1?
5
Su